{"id":2642,"date":"2024-02-17T16:00:57","date_gmt":"2024-02-17T15:00:57","guid":{"rendered":"https:\/\/jlmirall.es\/?page_id=2642"},"modified":"2024-02-17T16:21:00","modified_gmt":"2024-02-17T15:21:00","slug":"gtps-personalizados-para-moodle-y-h5p","status":"publish","type":"page","link":"https:\/\/jlmirall.es\/?page_id=2642","title":{"rendered":"GTPs personalizados para moodle y H5P"},"content":{"rendered":"\n<p>En el siguiente enlace (haz click en la imagen) encontrar\u00e1s el cat\u00e1logo de GPTs personalizados que he dise\u00f1ado y se pueden encontrar en la GPT Store, especializados cada uno en conseguir realizar una creaci\u00f3n de actividad o material concreto para moodle (por ejemplo los diferentes tipos de preguntas de un cuestionario, con sus retroalimentaciones) o H5P (agamoto, ordenar p\u00e1rrafos, resumen, timeline, etc\u2026).<\/p>\n\n\n\n<figure class=\"wp-block-image aligncenter size-large is-resized is-style-rounded is-style-rounded--1\"><a href=\"https:\/\/elpulpoenelvaso.jlmirall.es\/?page_id=220\" target=\"_blank\" rel=\"noreferrer noopener\"><img data-recalc-dims=\"1\" loading=\"lazy\" decoding=\"async\" width=\"1024\" height=\"576\" data-attachment-id=\"2647\" data-permalink=\"https:\/\/jlmirall.es\/?attachment_id=2647\" data-orig-file=\"https:\/\/i0.wp.com\/jlmirall.es\/wp-content\/uploads\/2024\/02\/IMG_3098.jpeg?fit=1920%2C1080&amp;ssl=1\" data-orig-size=\"1920,1080\" data-comments-opened=\"0\" data-image-meta=\"{&quot;aperture&quot;:&quot;0&quot;,&quot;credit&quot;:&quot;&quot;,&quot;camera&quot;:&quot;&quot;,&quot;caption&quot;:&quot;&quot;,&quot;created_timestamp&quot;:&quot;0&quot;,&quot;copyright&quot;:&quot;&quot;,&quot;focal_length&quot;:&quot;0&quot;,&quot;iso&quot;:&quot;0&quot;,&quot;shutter_speed&quot;:&quot;0&quot;,&quot;title&quot;:&quot;&quot;,&quot;orientation&quot;:&quot;1&quot;}\" data-image-title=\"IMG_3098\" data-image-description=\"\" data-image-caption=\"\" data-large-file=\"https:\/\/i0.wp.com\/jlmirall.es\/wp-content\/uploads\/2024\/02\/IMG_3098.jpeg?fit=1024%2C576&amp;ssl=1\" src=\"https:\/\/i0.wp.com\/jlmirall.es\/wp-content\/uploads\/2024\/02\/IMG_3098.jpeg?resize=1024%2C576&#038;ssl=1\" alt=\"\" class=\"wp-image-2647\" style=\"width:475px;height:auto\" srcset=\"https:\/\/i0.wp.com\/jlmirall.es\/wp-content\/uploads\/2024\/02\/IMG_3098.jpeg?resize=1024%2C576&amp;ssl=1 1024w, https:\/\/i0.wp.com\/jlmirall.es\/wp-content\/uploads\/2024\/02\/IMG_3098.jpeg?resize=300%2C169&amp;ssl=1 300w, https:\/\/i0.wp.com\/jlmirall.es\/wp-content\/uploads\/2024\/02\/IMG_3098.jpeg?resize=768%2C432&amp;ssl=1 768w, https:\/\/i0.wp.com\/jlmirall.es\/wp-content\/uploads\/2024\/02\/IMG_3098.jpeg?resize=1536%2C864&amp;ssl=1 1536w, https:\/\/i0.wp.com\/jlmirall.es\/wp-content\/uploads\/2024\/02\/IMG_3098.jpeg?w=1920&amp;ssl=1 1920w\" sizes=\"auto, (max-width: 1000px) 100vw, 1000px\" \/><\/a><\/figure>\n\n\n\n<p><\/p>\n\n\n\n<p>+ info sobre el proceso de creaci\u00f3n: <a href=\"https:\/\/elpulpoenelvaso.jlmirall.es\/?p=191\" target=\"_blank\" rel=\"noreferrer noopener\">https:\/\/elpulpoenelvaso.jlmirall.es\/?p=191<\/a><\/p>\n","protected":false},"excerpt":{"rendered":"<p>En el siguiente enlace (haz click en la imagen) encontrar\u00e1s el cat\u00e1logo de GPTs personalizados que he dise\u00f1ado y se pueden encontrar en la GPT Store, especializados cada uno en conseguir realizar una creaci\u00f3n de actividad o material concreto para moodle (por ejemplo los diferentes tipos de preguntas de un cuestionario, con sus retroalimentaciones) o [&hellip;]<\/p>\n","protected":false},"author":1,"featured_media":0,"parent":1107,"menu_order":0,"comment_status":"closed","ping_status":"closed","template":"","meta":{"footnotes":""},"class_list":["post-2642","page","type-page","status-publish","hentry"],"jetpack_shortlink":"https:\/\/wp.me\/P2FSry-GC","jetpack-related-posts":[{"id":1018,"url":"https:\/\/jlmirall.es\/?page_id=1018","url_meta":{"origin":2642,"position":0},"title":"Proyectos educativos con j\u00f3venes","author":"Oysiao","date":"27 julio, 2018","format":false,"excerpt":"Como parte de mi inquietud por la educaci\u00f3n y la ense\u00f1anza, he desarrollado diversos workshops y proyectos pedag\u00f3gicos dentro y fuera de las aulas de educaci\u00f3n reglada que van m\u00e1s all\u00e1 de la docencia habitual con los alumnos. Los workshops son talleres puntuales de uno o varios d\u00edas, mientras que\u2026","rel":"","context":"Entrada similar","block_context":{"text":"Entrada similar","link":""},"img":{"alt_text":"","src":"https:\/\/i0.wp.com\/jlmirall.es\/wp-content\/uploads\/2024\/02\/eacc.gif?resize=350%2C200&ssl=1","width":350,"height":200,"srcset":"https:\/\/i0.wp.com\/jlmirall.es\/wp-content\/uploads\/2024\/02\/eacc.gif?resize=350%2C200&ssl=1 1x, https:\/\/i0.wp.com\/jlmirall.es\/wp-content\/uploads\/2024\/02\/eacc.gif?resize=525%2C300&ssl=1 1.5x, https:\/\/i0.wp.com\/jlmirall.es\/wp-content\/uploads\/2024\/02\/eacc.gif?resize=700%2C400&ssl=1 2x"},"classes":[]},{"id":335,"url":"https:\/\/jlmirall.es\/?page_id=335","url_meta":{"origin":2642,"position":1},"title":"Curr\u00edculum ampliado","author":"Miralles","date":"8 julio, 2011","format":false,"excerpt":"Director Art\u00edstico del Laboratori de M\u00fasica \u00df, GuidoBlogs, pianista solista y asistente de director de la OLCS y miembro fundador Espai Cl\u00e0ssic. Colaborador de la revista M\u00fasica y Educaci\u00f3n, CEFIRE feria internacional MARTE de Arte Contempor\u00e1neo, revista cultural independiente Nomepierdoniuna, Escuela de Arte y Superior de Dise\u00f1o de Castell\u00f3n, la\u2026","rel":"","context":"Entrada similar","block_context":{"text":"Entrada similar","link":""},"img":{"alt_text":"","src":"","width":0,"height":0},"classes":[]},{"id":543,"url":"https:\/\/jlmirall.es\/?page_id=543","url_meta":{"origin":2642,"position":2},"title":"Ponencias y Conferencias","author":"Oysiao","date":"6 abril, 2015","format":false,"excerpt":"Ir directamente a: Ponencias (investigaci\u00f3n) Conferencias (divulgaci\u00f3n) Ponencias Dentro de la actividad\u00a0de\u00a0investigaci\u00f3n musical, he realizado diferentes\u00a0ponencias y comunicaciones\u00a0en jornadas y congresos. Muchas han sido sobre dos grandes proyectos que coordino: GuidoBlogs y el Laboratori de M\u00fasica \u00df. \u00daltimamente, tambi\u00e9n me he centrado en el\u00a0papel de la m\u00fasica en la educaci\u00f3n\u00a0y\u2026","rel":"","context":"Entrada similar","block_context":{"text":"Entrada similar","link":""},"img":{"alt_text":"","src":"","width":0,"height":0},"classes":[]},{"id":21,"url":"https:\/\/jlmirall.es\/?page_id=21","url_meta":{"origin":2642,"position":3},"title":"Blogs","author":"Oysiao","date":"19 agosto, 2012","format":false,"excerpt":"Desde siempre he considerado que los blogs son una herramienta \u00fatil de reflexi\u00f3n colectiva, m\u00e1s all\u00e1 de la inmediatez de las actuales redes sociales. Por eso he creado muchos blog con diferentes fines. Aunque actualmente algunos ya no existen o no est\u00e1n activos, quiero dejar este peque\u00f1o espacio para su\u2026","rel":"","context":"Entrada similar","block_context":{"text":"Entrada similar","link":""},"img":{"alt_text":"","src":"https:\/\/i0.wp.com\/jlmirall.es\/wp-content\/uploads\/2024\/02\/B4131554-B31B-4AE8-923F-7442C758D601.png.webp?resize=350%2C200&ssl=1","width":350,"height":200,"srcset":"https:\/\/i0.wp.com\/jlmirall.es\/wp-content\/uploads\/2024\/02\/B4131554-B31B-4AE8-923F-7442C758D601.png.webp?resize=350%2C200&ssl=1 1x, https:\/\/i0.wp.com\/jlmirall.es\/wp-content\/uploads\/2024\/02\/B4131554-B31B-4AE8-923F-7442C758D601.png.webp?resize=525%2C300&ssl=1 1.5x, https:\/\/i0.wp.com\/jlmirall.es\/wp-content\/uploads\/2024\/02\/B4131554-B31B-4AE8-923F-7442C758D601.png.webp?resize=700%2C400&ssl=1 2x"},"classes":[]},{"id":977,"url":"https:\/\/jlmirall.es\/?page_id=977","url_meta":{"origin":2642,"position":4},"title":"Prensa","author":"Oysiao","date":"18 junio, 2018","format":false,"excerpt":"Jos\u00e9 Luis Miralles: \"La noche es oscura y alberga horrores\" | nomepierdoniuna Entre el piano de Jos\u00e9 Luis Miralles y las im\u00e1genes de la EASD surgi\u00f3 el emotivo homenaje a Vicent Vidal | nomepierdoniuna Las creaciones experimentales al piano de Jos\u00e9 Luis Miralles y las piezas de cer\u00e1mica y vidrio\u2026","rel":"","context":"Entrada similar","block_context":{"text":"Entrada similar","link":""},"img":{"alt_text":"","src":"","width":0,"height":0},"classes":[]},{"id":688,"url":"https:\/\/jlmirall.es\/?page_id=688","url_meta":{"origin":2642,"position":5},"title":"Direcci\u00f3n de TFG &#038; TFM","author":"Oysiao","date":"11 febrero, 2016","format":false,"excerpt":"Direcci\u00f3n de TFM A\u00f1o 2018 Reig Sanchis, M. (2018). La integraci\u00f3n de las asignaturas de instrumento y lenguaje musical. Una propuesta did\u00e1ctica para las ense\u00f1anzas elementales de piano en el contexto auton\u00f3mico valenciano. Universitat Jaume I. [En co-direcci\u00f3n con Dra. Amparo Porta]\u00a0 Casades Lapiedra, V. (2018). Investigaci\u00f3n y pr\u00e1ctica sobre\u2026","rel":"","context":"Entrada similar","block_context":{"text":"Entrada similar","link":""},"img":{"alt_text":"Captura de pantalla 2016-03-02 a les 14.59.37","src":"https:\/\/i0.wp.com\/jlmirall.es\/wp-content\/uploads\/2016\/02\/Captura-de-pantalla-2016-03-02-a-les-14.59.37.png?resize=350%2C200","width":350,"height":200},"classes":[]}],"jetpack_sharing_enabled":true,"_links":{"self":[{"href":"https:\/\/jlmirall.es\/index.php?rest_route=\/wp\/v2\/pages\/2642","targetHints":{"allow":["GET"]}}],"collection":[{"href":"https:\/\/jlmirall.es\/index.php?rest_route=\/wp\/v2\/pages"}],"about":[{"href":"https:\/\/jlmirall.es\/index.php?rest_route=\/wp\/v2\/types\/page"}],"author":[{"embeddable":true,"href":"https:\/\/jlmirall.es\/index.php?rest_route=\/wp\/v2\/users\/1"}],"replies":[{"embeddable":true,"href":"https:\/\/jlmirall.es\/index.php?rest_route=%2Fwp%2Fv2%2Fcomments&post=2642"}],"version-history":[{"count":4,"href":"https:\/\/jlmirall.es\/index.php?rest_route=\/wp\/v2\/pages\/2642\/revisions"}],"predecessor-version":[{"id":2649,"href":"https:\/\/jlmirall.es\/index.php?rest_route=\/wp\/v2\/pages\/2642\/revisions\/2649"}],"up":[{"embeddable":true,"href":"https:\/\/jlmirall.es\/index.php?rest_route=\/wp\/v2\/pages\/1107"}],"wp:attachment":[{"href":"https:\/\/jlmirall.es\/index.php?rest_route=%2Fwp%2Fv2%2Fmedia&parent=2642"}],"curies":[{"name":"wp","href":"https:\/\/api.w.org\/{rel}","templated":true}]}}