{"id":1603,"date":"2024-02-13T13:43:15","date_gmt":"2024-02-13T12:43:15","guid":{"rendered":"https:\/\/jlmirall.es\/?post_type=jetpack-portfolio&#038;p=1603"},"modified":"2024-02-13T14:01:50","modified_gmt":"2024-02-13T13:01:50","slug":"que-debemos-desconservar-de-los-conservatorios","status":"publish","type":"jetpack-portfolio","link":"https:\/\/jlmirall.es\/?portfolio=que-debemos-desconservar-de-los-conservatorios","title":{"rendered":"\u00bfQu\u00e9 debemos desconservar de los conservatorios?"},"content":{"rendered":"","protected":false},"excerpt":{"rendered":"","protected":false},"author":1,"featured_media":1657,"comment_status":"closed","ping_status":"closed","template":"","format":"standard","meta":{"footnotes":""},"jetpack-portfolio-type":[46,41],"jetpack-portfolio-tag":[],"class_list":["post-1603","jetpack-portfolio","type-jetpack-portfolio","status-publish","format-standard","has-post-thumbnail","hentry","jetpack-portfolio-type-ponencia","jetpack-portfolio-type-ponencias-conferencias"],"jetpack-related-posts":[{"id":1601,"url":"https:\/\/jlmirall.es\/?portfolio=catedraticos-churras-y-merinas-de-los-conservatorios-espanoles","url_meta":{"origin":1603,"position":0},"title":"Catedr\u00e1ticos, churras y merinas de los Conservatorios Espa\u00f1oles","author":"Oysiao","date":"13 febrero, 2024","format":false,"excerpt":"","rel":"","context":"Entrada similar","block_context":{"text":"Entrada similar","link":""},"img":{"alt_text":"","src":"https:\/\/i0.wp.com\/jlmirall.es\/wp-content\/uploads\/2024\/02\/churras.jpg?fit=1200%2C774&ssl=1&resize=350%2C200","width":350,"height":200,"srcset":"https:\/\/i0.wp.com\/jlmirall.es\/wp-content\/uploads\/2024\/02\/churras.jpg?fit=1200%2C774&ssl=1&resize=350%2C200 1x, https:\/\/i0.wp.com\/jlmirall.es\/wp-content\/uploads\/2024\/02\/churras.jpg?fit=1200%2C774&ssl=1&resize=525%2C300 1.5x, https:\/\/i0.wp.com\/jlmirall.es\/wp-content\/uploads\/2024\/02\/churras.jpg?fit=1200%2C774&ssl=1&resize=700%2C400 2x, https:\/\/i0.wp.com\/jlmirall.es\/wp-content\/uploads\/2024\/02\/churras.jpg?fit=1200%2C774&ssl=1&resize=1050%2C600 3x"},"classes":[]},{"id":1613,"url":"https:\/\/jlmirall.es\/?portfolio=maestros-de-musica-y-conservatorios-una-alianza-necesaria","url_meta":{"origin":1603,"position":1},"title":"Maestros de m\u00fasica y conservatorios: Una alianza necesaria","author":"Oysiao","date":"13 febrero, 2024","format":false,"excerpt":"","rel":"","context":"Entrada similar","block_context":{"text":"Entrada similar","link":""},"img":{"alt_text":"","src":"https:\/\/i0.wp.com\/jlmirall.es\/wp-content\/uploads\/2024\/02\/mencion.jpg?fit=1035%2C745&ssl=1&resize=350%2C200","width":350,"height":200,"srcset":"https:\/\/i0.wp.com\/jlmirall.es\/wp-content\/uploads\/2024\/02\/mencion.jpg?fit=1035%2C745&ssl=1&resize=350%2C200 1x, https:\/\/i0.wp.com\/jlmirall.es\/wp-content\/uploads\/2024\/02\/mencion.jpg?fit=1035%2C745&ssl=1&resize=525%2C300 1.5x, https:\/\/i0.wp.com\/jlmirall.es\/wp-content\/uploads\/2024\/02\/mencion.jpg?fit=1035%2C745&ssl=1&resize=700%2C400 2x"},"classes":[]},{"id":1574,"url":"https:\/\/jlmirall.es\/?portfolio=guidoblogs-2","url_meta":{"origin":1603,"position":2},"title":"GuidoBlogs 2","author":"Oysiao","date":"13 febrero, 2024","format":false,"excerpt":"Conferencia sobre la dinaminzaci\u00f3n de la blogosfera de Conservatorios y Escuelas de M\u00fasica en el CEIMUS III","rel":"","context":"Entrada similar","block_context":{"text":"Entrada similar","link":""},"img":{"alt_text":"","src":"https:\/\/i0.wp.com\/jlmirall.es\/wp-content\/uploads\/2024\/02\/Guido-Ceimus.jpg?fit=1200%2C750&ssl=1&resize=350%2C200","width":350,"height":200,"srcset":"https:\/\/i0.wp.com\/jlmirall.es\/wp-content\/uploads\/2024\/02\/Guido-Ceimus.jpg?fit=1200%2C750&ssl=1&resize=350%2C200 1x, https:\/\/i0.wp.com\/jlmirall.es\/wp-content\/uploads\/2024\/02\/Guido-Ceimus.jpg?fit=1200%2C750&ssl=1&resize=525%2C300 1.5x, https:\/\/i0.wp.com\/jlmirall.es\/wp-content\/uploads\/2024\/02\/Guido-Ceimus.jpg?fit=1200%2C750&ssl=1&resize=700%2C400 2x, https:\/\/i0.wp.com\/jlmirall.es\/wp-content\/uploads\/2024\/02\/Guido-Ceimus.jpg?fit=1200%2C750&ssl=1&resize=1050%2C600 3x"},"classes":[]},{"id":1595,"url":"https:\/\/jlmirall.es\/?portfolio=deberiamos-estudiar-musica","url_meta":{"origin":1603,"position":3},"title":"\u00bfDeber\u00edamos estudiar m\u00fasica?","author":"Oysiao","date":"13 febrero, 2024","format":false,"excerpt":"Comunicaci\u00f3n en el II Congreso Nacional de Conservatorios Superiores de M\u00fasica de la SEM-EE.","rel":"","context":"Entrada similar","block_context":{"text":"Entrada similar","link":""},"img":{"alt_text":"","src":"https:\/\/i0.wp.com\/jlmirall.es\/wp-content\/uploads\/2024\/02\/Captura-de-pantalla-2015-04-06-a-les-11.24.16.jpg?fit=1200%2C725&ssl=1&resize=350%2C200","width":350,"height":200,"srcset":"https:\/\/i0.wp.com\/jlmirall.es\/wp-content\/uploads\/2024\/02\/Captura-de-pantalla-2015-04-06-a-les-11.24.16.jpg?fit=1200%2C725&ssl=1&resize=350%2C200 1x, https:\/\/i0.wp.com\/jlmirall.es\/wp-content\/uploads\/2024\/02\/Captura-de-pantalla-2015-04-06-a-les-11.24.16.jpg?fit=1200%2C725&ssl=1&resize=525%2C300 1.5x, https:\/\/i0.wp.com\/jlmirall.es\/wp-content\/uploads\/2024\/02\/Captura-de-pantalla-2015-04-06-a-les-11.24.16.jpg?fit=1200%2C725&ssl=1&resize=700%2C400 2x, https:\/\/i0.wp.com\/jlmirall.es\/wp-content\/uploads\/2024\/02\/Captura-de-pantalla-2015-04-06-a-les-11.24.16.jpg?fit=1200%2C725&ssl=1&resize=1050%2C600 3x"},"classes":[]},{"id":1751,"url":"https:\/\/jlmirall.es\/?portfolio=concierto-monografico-rzewski","url_meta":{"origin":1603,"position":4},"title":"*Concierto Monogr\u00e1fico Rzewski","author":"Oysiao","date":"13 febrero, 2024","format":false,"excerpt":"\u201cFrederic Rzewski, the greatest pianist-composer of our time\u00a0and something of a legend in modern music\u201cMark Swed,\u00a0The Los Angeles Times Pianista, compositor e improvisador \u00fanico en el mundo, Frederic Rzewski es una leyenda viva de la m\u00fasica de nuestro tiempo. Sus obras y su poli\u00e9drica actividad creativa representan un cap\u00edtulo \u00fanico\u2026","rel":"","context":"Entrada similar","block_context":{"text":"Entrada similar","link":""},"img":{"alt_text":"","src":"","width":0,"height":0},"classes":[]},{"id":1771,"url":"https:\/\/jlmirall.es\/?portfolio=mozart-part","url_meta":{"origin":1603,"position":5},"title":"*Mozart &#038; Part","author":"Oysiao","date":"13 febrero, 2024","format":false,"excerpt":"Los siguientes compases pertenecen al segundo movimiento del concierto para piano y orquesta KV 488 de Mozart. \u00bfUtilizaci\u00f3n de los m\u00ednimos recursos o esquema de algo que no lleg\u00f3 en su totalidad a ser plasmado en papel? Sabemos que Mozart ornamentaba sus propias obras y de hecho se conserva un\u2026","rel":"","context":"Entrada similar","block_context":{"text":"Entrada similar","link":""},"img":{"alt_text":"","src":"https:\/\/i0.wp.com\/jlmirall.es\/wp-content\/uploads\/2024\/02\/1889058_10152292790174516_349296492_o.jpeg?fit=1200%2C566&ssl=1&resize=350%2C200","width":350,"height":200,"srcset":"https:\/\/i0.wp.com\/jlmirall.es\/wp-content\/uploads\/2024\/02\/1889058_10152292790174516_349296492_o.jpeg?fit=1200%2C566&ssl=1&resize=350%2C200 1x, https:\/\/i0.wp.com\/jlmirall.es\/wp-content\/uploads\/2024\/02\/1889058_10152292790174516_349296492_o.jpeg?fit=1200%2C566&ssl=1&resize=525%2C300 1.5x, https:\/\/i0.wp.com\/jlmirall.es\/wp-content\/uploads\/2024\/02\/1889058_10152292790174516_349296492_o.jpeg?fit=1200%2C566&ssl=1&resize=700%2C400 2x, https:\/\/i0.wp.com\/jlmirall.es\/wp-content\/uploads\/2024\/02\/1889058_10152292790174516_349296492_o.jpeg?fit=1200%2C566&ssl=1&resize=1050%2C600 3x"},"classes":[]}],"jetpack_sharing_enabled":true,"_links":{"self":[{"href":"https:\/\/jlmirall.es\/index.php?rest_route=\/wp\/v2\/jetpack-portfolio\/1603","targetHints":{"allow":["GET"]}}],"collection":[{"href":"https:\/\/jlmirall.es\/index.php?rest_route=\/wp\/v2\/jetpack-portfolio"}],"about":[{"href":"https:\/\/jlmirall.es\/index.php?rest_route=\/wp\/v2\/types\/jetpack-portfolio"}],"author":[{"embeddable":true,"href":"https:\/\/jlmirall.es\/index.php?rest_route=\/wp\/v2\/users\/1"}],"replies":[{"embeddable":true,"href":"https:\/\/jlmirall.es\/index.php?rest_route=%2Fwp%2Fv2%2Fcomments&post=1603"}],"version-history":[{"count":1,"href":"https:\/\/jlmirall.es\/index.php?rest_route=\/wp\/v2\/jetpack-portfolio\/1603\/revisions"}],"predecessor-version":[{"id":1604,"href":"https:\/\/jlmirall.es\/index.php?rest_route=\/wp\/v2\/jetpack-portfolio\/1603\/revisions\/1604"}],"wp:featuredmedia":[{"embeddable":true,"href":"https:\/\/jlmirall.es\/index.php?rest_route=\/wp\/v2\/media\/1657"}],"wp:attachment":[{"href":"https:\/\/jlmirall.es\/index.php?rest_route=%2Fwp%2Fv2%2Fmedia&parent=1603"}],"wp:term":[{"taxonomy":"jetpack-portfolio-type","embeddable":true,"href":"https:\/\/jlmirall.es\/index.php?rest_route=%2Fwp%2Fv2%2Fjetpack-portfolio-type&post=1603"},{"taxonomy":"jetpack-portfolio-tag","embeddable":true,"href":"https:\/\/jlmirall.es\/index.php?rest_route=%2Fwp%2Fv2%2Fjetpack-portfolio-tag&post=1603"}],"curies":[{"name":"wp","href":"https:\/\/api.w.org\/{rel}","templated":true}]}}

¿Qué debemos desconservar de los conservatorios?

Catedráticos, churras y merinas de los Conservatorios Españoles

Maestros de música y conservatorios: Una alianza necesaria

Conferencia sobre la dinaminzación de la blogosfera de Conservatorios y Escuelas de Música en el CEIMUS III

¿Deberíamos estudiar música?

Comunicación en el II Congreso Nacional de Conservatorios Superiores de Música de la SEM-EE.

*Concierto Monográfico Rzewski

“Frederic Rzewski, the greatest pianist-composer of our time and something of a legend in modern music“Mark Swed, The Los Angeles Times Pianista, compositor e improvisador único en el mundo, Frederic Rzewski es una leyenda viva de la música de nuestro tiempo. Sus obras y su poliédrica actividad creativa representan un capítulo único…

Los siguientes compases pertenecen al segundo movimiento del concierto para piano y orquesta KV 488 de Mozart. ¿Utilización de los mínimos recursos o esquema de algo que no llegó en su totalidad a ser plasmado en papel? Sabemos que Mozart ornamentaba sus propias obras y de hecho se conserva un…
