{"id":1566,"date":"2024-02-13T13:19:09","date_gmt":"2024-02-13T12:19:09","guid":{"rendered":"https:\/\/jlmirall.es\/?post_type=jetpack-portfolio&#038;p=1566"},"modified":"2024-02-13T13:19:09","modified_gmt":"2024-02-13T12:19:09","slug":"vibraccions","status":"publish","type":"jetpack-portfolio","link":"https:\/\/jlmirall.es\/?portfolio=vibraccions","title":{"rendered":"Vibraccions"},"content":{"rendered":"\n<p>Usando un instrumento como el theremin, que todo el mundo puede tocar, generaremos sonido que interactuar\u00e1 con luces en movimiento para hacer visible qu\u00e9 escuchamos y de este modo, que todo el mundo pueda acceder visualmente y\/o auditivamente a esta experiencia. Un taller en que la m\u00fasica se podr\u00e1 ver. Realizado en el EACC y la UJI.<\/p>\n","protected":false},"excerpt":{"rendered":"<p>Usando un instrumento como el theremin, que todo el mundo puede tocar, generaremos sonido que interactuar\u00e1 con luces en movimiento para hacer visible qu\u00e9 escuchamos y de este modo, que todo el mundo pueda acceder visualmente y\/o auditivamente a esta experiencia. Un taller en que la m\u00fasica se podr\u00e1 ver. Realizado en el EACC y [&hellip;]<\/p>\n","protected":false},"author":1,"featured_media":1567,"comment_status":"closed","ping_status":"closed","template":"","format":"standard","meta":{"footnotes":""},"jetpack-portfolio-type":[44,41],"jetpack-portfolio-tag":[],"class_list":["post-1566","jetpack-portfolio","type-jetpack-portfolio","status-publish","format-standard","has-post-thumbnail","hentry","jetpack-portfolio-type-conferencia","jetpack-portfolio-type-ponencias-conferencias"],"jetpack-related-posts":[{"id":1751,"url":"https:\/\/jlmirall.es\/?portfolio=concierto-monografico-rzewski","url_meta":{"origin":1566,"position":0},"title":"*Concierto Monogr\u00e1fico Rzewski","author":"Oysiao","date":"13 febrero, 2024","format":false,"excerpt":"\u201cFrederic Rzewski, the greatest pianist-composer of our time\u00a0and something of a legend in modern music\u201cMark Swed,\u00a0The Los Angeles Times Pianista, compositor e improvisador \u00fanico en el mundo, Frederic Rzewski es una leyenda viva de la m\u00fasica de nuestro tiempo. Sus obras y su poli\u00e9drica actividad creativa representan un cap\u00edtulo \u00fanico\u2026","rel":"","context":"Entrada similar","block_context":{"text":"Entrada similar","link":""},"img":{"alt_text":"","src":"","width":0,"height":0},"classes":[]},{"id":1705,"url":"https:\/\/jlmirall.es\/?portfolio=centenari-gojos-lledo-castello","url_meta":{"origin":1566,"position":1},"title":"*Centenari Gojos Lled\u00f3 Castell\u00f3","author":"Oysiao","date":"13 febrero, 2024","format":false,"excerpt":"Ayer por la ma\u00f1ana se celebr\u00f3 un acto hist\u00f3rico en Castell\u00f3n, era el centenario de una de las composiciones religiosas m\u00e1s destacadas de la ciudad. Gracias a la iniciativa y confianza de Carlos Pascual tuve el honor de participar no solo como m\u00fasico en el acto conmemorativo sino tambi\u00e9n con\u2026","rel":"","context":"Entrada similar","block_context":{"text":"Entrada similar","link":""},"img":{"alt_text":"","src":"https:\/\/i0.wp.com\/jlmirall.es\/wp-content\/uploads\/2024\/02\/Centenari-Gojos.jpg?fit=1200%2C729&ssl=1&resize=350%2C200","width":350,"height":200,"srcset":"https:\/\/i0.wp.com\/jlmirall.es\/wp-content\/uploads\/2024\/02\/Centenari-Gojos.jpg?fit=1200%2C729&ssl=1&resize=350%2C200 1x, https:\/\/i0.wp.com\/jlmirall.es\/wp-content\/uploads\/2024\/02\/Centenari-Gojos.jpg?fit=1200%2C729&ssl=1&resize=525%2C300 1.5x, https:\/\/i0.wp.com\/jlmirall.es\/wp-content\/uploads\/2024\/02\/Centenari-Gojos.jpg?fit=1200%2C729&ssl=1&resize=700%2C400 2x, https:\/\/i0.wp.com\/jlmirall.es\/wp-content\/uploads\/2024\/02\/Centenari-Gojos.jpg?fit=1200%2C729&ssl=1&resize=1050%2C600 3x"},"classes":[]},{"id":1765,"url":"https:\/\/jlmirall.es\/?portfolio=20-anos-20-pianos","url_meta":{"origin":1566,"position":2},"title":"*20 a\u00f1os 20 pianos","author":"Oysiao","date":"13 febrero, 2024","format":false,"excerpt":"2 de julio de 2011. Si hay una fecha, en la historia de Musikeon, es \u00e9sa. Ese concierto fue mucho m\u00e1s que un loco encuentro de 42 pianistas, dos violinistas y 2 percusionistas capaces de todo: fue una forma de hacer realidad lo que parec\u00eda una utop\u00eda. Sin director, con\u2026","rel":"","context":"Entrada similar","block_context":{"text":"Entrada similar","link":""},"img":{"alt_text":"","src":"https:\/\/i0.wp.com\/jlmirall.es\/wp-content\/uploads\/2024\/02\/266785_249622565054976_144002792283621_1192505_5500332_o.jpeg?fit=800%2C533&ssl=1&resize=350%2C200","width":350,"height":200,"srcset":"https:\/\/i0.wp.com\/jlmirall.es\/wp-content\/uploads\/2024\/02\/266785_249622565054976_144002792283621_1192505_5500332_o.jpeg?fit=800%2C533&ssl=1&resize=350%2C200 1x, https:\/\/i0.wp.com\/jlmirall.es\/wp-content\/uploads\/2024\/02\/266785_249622565054976_144002792283621_1192505_5500332_o.jpeg?fit=800%2C533&ssl=1&resize=525%2C300 1.5x, https:\/\/i0.wp.com\/jlmirall.es\/wp-content\/uploads\/2024\/02\/266785_249622565054976_144002792283621_1192505_5500332_o.jpeg?fit=800%2C533&ssl=1&resize=700%2C400 2x"},"classes":[]},{"id":1535,"url":"https:\/\/jlmirall.es\/?portfolio=conferencia-sobre-musica-e-imagen","url_meta":{"origin":1566,"position":3},"title":"Conferencia sobre M\u00fasica e Imagen","author":"Oysiao","date":"13 febrero, 2024","format":false,"excerpt":"Diferentes formas en las que dialogan m\u00fasica cl\u00e1sica e imagen en el mundo audiovisual.","rel":"","context":"Entrada similar","block_context":{"text":"Entrada similar","link":""},"img":{"alt_text":"","src":"https:\/\/i0.wp.com\/jlmirall.es\/wp-content\/uploads\/2024\/02\/Captura-de-pantalla-2024-02-13-a-les-12.00.27.jpg?fit=1200%2C867&ssl=1&resize=350%2C200","width":350,"height":200,"srcset":"https:\/\/i0.wp.com\/jlmirall.es\/wp-content\/uploads\/2024\/02\/Captura-de-pantalla-2024-02-13-a-les-12.00.27.jpg?fit=1200%2C867&ssl=1&resize=350%2C200 1x, https:\/\/i0.wp.com\/jlmirall.es\/wp-content\/uploads\/2024\/02\/Captura-de-pantalla-2024-02-13-a-les-12.00.27.jpg?fit=1200%2C867&ssl=1&resize=525%2C300 1.5x, https:\/\/i0.wp.com\/jlmirall.es\/wp-content\/uploads\/2024\/02\/Captura-de-pantalla-2024-02-13-a-les-12.00.27.jpg?fit=1200%2C867&ssl=1&resize=700%2C400 2x, https:\/\/i0.wp.com\/jlmirall.es\/wp-content\/uploads\/2024\/02\/Captura-de-pantalla-2024-02-13-a-les-12.00.27.jpg?fit=1200%2C867&ssl=1&resize=1050%2C600 3x"},"classes":[]},{"id":1541,"url":"https:\/\/jlmirall.es\/?portfolio=ivo-pogorelich","url_meta":{"origin":1566,"position":4},"title":"Ivo Pogorelich","author":"Oysiao","date":"13 febrero, 2024","format":false,"excerpt":"Conferencia sobre la vida de Pogorelich y su m\u00fasica en un concierto en el Auditori de Castell\u00f3. Posteriormente pude pasarle las hojas durante el concierto.","rel":"","context":"Entrada similar","block_context":{"text":"Entrada similar","link":""},"img":{"alt_text":"","src":"https:\/\/i0.wp.com\/jlmirall.es\/wp-content\/uploads\/2024\/02\/Pogorelich.jpg?fit=1152%2C648&ssl=1&resize=350%2C200","width":350,"height":200,"srcset":"https:\/\/i0.wp.com\/jlmirall.es\/wp-content\/uploads\/2024\/02\/Pogorelich.jpg?fit=1152%2C648&ssl=1&resize=350%2C200 1x, https:\/\/i0.wp.com\/jlmirall.es\/wp-content\/uploads\/2024\/02\/Pogorelich.jpg?fit=1152%2C648&ssl=1&resize=525%2C300 1.5x, https:\/\/i0.wp.com\/jlmirall.es\/wp-content\/uploads\/2024\/02\/Pogorelich.jpg?fit=1152%2C648&ssl=1&resize=700%2C400 2x, https:\/\/i0.wp.com\/jlmirall.es\/wp-content\/uploads\/2024\/02\/Pogorelich.jpg?fit=1152%2C648&ssl=1&resize=1050%2C600 3x"},"classes":[]},{"id":1530,"url":"https:\/\/jlmirall.es\/?portfolio=el-ultimo-ano-de-vida-de-schubert","url_meta":{"origin":1566,"position":5},"title":"El \u00faltimo a\u00f1o de vida de Schubert","author":"Oysiao","date":"13 febrero, 2024","format":false,"excerpt":"Concierto-Conferencia sobre la vida y m\u00fasica de Schubert en su \u00faltimo a\u00f1o de vida para la Semana Cultural del Conservatorio.","rel":"","context":"Entrada similar","block_context":{"text":"Entrada similar","link":""},"img":{"alt_text":"","src":"https:\/\/i0.wp.com\/jlmirall.es\/wp-content\/uploads\/2024\/02\/Schubert-e1707821481659.jpg?fit=1061%2C585&ssl=1&resize=350%2C200","width":350,"height":200,"srcset":"https:\/\/i0.wp.com\/jlmirall.es\/wp-content\/uploads\/2024\/02\/Schubert-e1707821481659.jpg?fit=1061%2C585&ssl=1&resize=350%2C200 1x, https:\/\/i0.wp.com\/jlmirall.es\/wp-content\/uploads\/2024\/02\/Schubert-e1707821481659.jpg?fit=1061%2C585&ssl=1&resize=525%2C300 1.5x, https:\/\/i0.wp.com\/jlmirall.es\/wp-content\/uploads\/2024\/02\/Schubert-e1707821481659.jpg?fit=1061%2C585&ssl=1&resize=700%2C400 2x, https:\/\/i0.wp.com\/jlmirall.es\/wp-content\/uploads\/2024\/02\/Schubert-e1707821481659.jpg?fit=1061%2C585&ssl=1&resize=1050%2C600 3x"},"classes":[]}],"jetpack_sharing_enabled":true,"_links":{"self":[{"href":"https:\/\/jlmirall.es\/index.php?rest_route=\/wp\/v2\/jetpack-portfolio\/1566","targetHints":{"allow":["GET"]}}],"collection":[{"href":"https:\/\/jlmirall.es\/index.php?rest_route=\/wp\/v2\/jetpack-portfolio"}],"about":[{"href":"https:\/\/jlmirall.es\/index.php?rest_route=\/wp\/v2\/types\/jetpack-portfolio"}],"author":[{"embeddable":true,"href":"https:\/\/jlmirall.es\/index.php?rest_route=\/wp\/v2\/users\/1"}],"replies":[{"embeddable":true,"href":"https:\/\/jlmirall.es\/index.php?rest_route=%2Fwp%2Fv2%2Fcomments&post=1566"}],"version-history":[{"count":1,"href":"https:\/\/jlmirall.es\/index.php?rest_route=\/wp\/v2\/jetpack-portfolio\/1566\/revisions"}],"predecessor-version":[{"id":1568,"href":"https:\/\/jlmirall.es\/index.php?rest_route=\/wp\/v2\/jetpack-portfolio\/1566\/revisions\/1568"}],"wp:featuredmedia":[{"embeddable":true,"href":"https:\/\/jlmirall.es\/index.php?rest_route=\/wp\/v2\/media\/1567"}],"wp:attachment":[{"href":"https:\/\/jlmirall.es\/index.php?rest_route=%2Fwp%2Fv2%2Fmedia&parent=1566"}],"wp:term":[{"taxonomy":"jetpack-portfolio-type","embeddable":true,"href":"https:\/\/jlmirall.es\/index.php?rest_route=%2Fwp%2Fv2%2Fjetpack-portfolio-type&post=1566"},{"taxonomy":"jetpack-portfolio-tag","embeddable":true,"href":"https:\/\/jlmirall.es\/index.php?rest_route=%2Fwp%2Fv2%2Fjetpack-portfolio-tag&post=1566"}],"curies":[{"name":"wp","href":"https:\/\/api.w.org\/{rel}","templated":true}]}}

<p>Usando un instrumento como el theremin, que todo el mundo puede tocar, generaremos sonido que interactuará con luces en movimiento para hacer visible qué escuchamos y de este modo, que todo el mundo pueda acceder visualmente y/o auditivamente a esta experiencia. Un taller en que la música se podrá ver. Realizado en el EACC y la UJI.</p>

<p>Usando un instrumento como el theremin, que todo el mundo puede tocar, generaremos sonido que interactuará con luces en movimiento para hacer visible qué escuchamos y de este modo, que todo el mundo pueda acceder visualmente y/o auditivamente a esta experiencia. Un taller en que la música se podrá ver. Realizado en el EACC y [&hellip;]</p>

*Concierto Monográfico Rzewski

“Frederic Rzewski, the greatest pianist-composer of our time and something of a legend in modern music“Mark Swed, The Los Angeles Times Pianista, compositor e improvisador único en el mundo, Frederic Rzewski es una leyenda viva de la música de nuestro tiempo. Sus obras y su poliédrica actividad creativa representan un capítulo único…

*Centenari Gojos Lledó Castelló

Ayer por la mañana se celebró un acto histórico en Castellón, era el centenario de una de las composiciones religiosas más destacadas de la ciudad. Gracias a la iniciativa y confianza de Carlos Pascual tuve el honor de participar no solo como músico en el acto conmemorativo sino también con…

*20 años 20 pianos

2 de julio de 2011. Si hay una fecha, en la historia de Musikeon, es ésa. Ese concierto fue mucho más que un loco encuentro de 42 pianistas, dos violinistas y 2 percusionistas capaces de todo: fue una forma de hacer realidad lo que parecía una utopía. Sin director, con…

Conferencia sobre Música e Imagen

Diferentes formas en las que dialogan música clásica e imagen en el mundo audiovisual.

Conferencia sobre la vida de Pogorelich y su música en un concierto en el Auditori de Castelló. Posteriormente pude pasarle las hojas durante el concierto.

El último año de vida de Schubert

Concierto-Conferencia sobre la vida y música de Schubert en su último año de vida para la Semana Cultural del Conservatorio.
