{"id":1563,"date":"2024-02-13T13:14:40","date_gmt":"2024-02-13T12:14:40","guid":{"rendered":"https:\/\/jlmirall.es\/?post_type=jetpack-portfolio&#038;p=1563"},"modified":"2024-02-13T13:14:40","modified_gmt":"2024-02-13T12:14:40","slug":"pioneras-de-la-musica-electronica","status":"publish","type":"jetpack-portfolio","link":"https:\/\/jlmirall.es\/?portfolio=pioneras-de-la-musica-electronica","title":{"rendered":"Pioneras de la m\u00fasica electr\u00f3nica"},"content":{"rendered":"\n<p>Conferencia cine-forum sobre las pioneras de la m\u00fasica electr\u00f3nica.<\/p>\n","protected":false},"excerpt":{"rendered":"<p>Conferencia cine-forum sobre las pioneras de la m\u00fasica electr\u00f3nica.<\/p>\n","protected":false},"author":1,"featured_media":1564,"comment_status":"closed","ping_status":"closed","template":"","format":"standard","meta":{"footnotes":""},"jetpack-portfolio-type":[44,41],"jetpack-portfolio-tag":[],"class_list":["post-1563","jetpack-portfolio","type-jetpack-portfolio","status-publish","format-standard","has-post-thumbnail","hentry","jetpack-portfolio-type-conferencia","jetpack-portfolio-type-ponencias-conferencias"],"jetpack-related-posts":[{"id":1541,"url":"https:\/\/jlmirall.es\/?portfolio=ivo-pogorelich","url_meta":{"origin":1563,"position":0},"title":"Ivo Pogorelich","author":"Oysiao","date":"13 febrero, 2024","format":false,"excerpt":"Conferencia sobre la vida de Pogorelich y su m\u00fasica en un concierto en el Auditori de Castell\u00f3. Posteriormente pude pasarle las hojas durante el concierto.","rel":"","context":"Entrada similar","block_context":{"text":"Entrada similar","link":""},"img":{"alt_text":"","src":"https:\/\/i0.wp.com\/jlmirall.es\/wp-content\/uploads\/2024\/02\/Pogorelich.jpg?fit=1152%2C648&ssl=1&resize=350%2C200","width":350,"height":200,"srcset":"https:\/\/i0.wp.com\/jlmirall.es\/wp-content\/uploads\/2024\/02\/Pogorelich.jpg?fit=1152%2C648&ssl=1&resize=350%2C200 1x, https:\/\/i0.wp.com\/jlmirall.es\/wp-content\/uploads\/2024\/02\/Pogorelich.jpg?fit=1152%2C648&ssl=1&resize=525%2C300 1.5x, https:\/\/i0.wp.com\/jlmirall.es\/wp-content\/uploads\/2024\/02\/Pogorelich.jpg?fit=1152%2C648&ssl=1&resize=700%2C400 2x, https:\/\/i0.wp.com\/jlmirall.es\/wp-content\/uploads\/2024\/02\/Pogorelich.jpg?fit=1152%2C648&ssl=1&resize=1050%2C600 3x"},"classes":[]},{"id":1530,"url":"https:\/\/jlmirall.es\/?portfolio=el-ultimo-ano-de-vida-de-schubert","url_meta":{"origin":1563,"position":1},"title":"El \u00faltimo a\u00f1o de vida de Schubert","author":"Oysiao","date":"13 febrero, 2024","format":false,"excerpt":"Concierto-Conferencia sobre la vida y m\u00fasica de Schubert en su \u00faltimo a\u00f1o de vida para la Semana Cultural del Conservatorio.","rel":"","context":"Entrada similar","block_context":{"text":"Entrada similar","link":""},"img":{"alt_text":"","src":"https:\/\/i0.wp.com\/jlmirall.es\/wp-content\/uploads\/2024\/02\/Schubert-e1707821481659.jpg?fit=1061%2C585&ssl=1&resize=350%2C200","width":350,"height":200,"srcset":"https:\/\/i0.wp.com\/jlmirall.es\/wp-content\/uploads\/2024\/02\/Schubert-e1707821481659.jpg?fit=1061%2C585&ssl=1&resize=350%2C200 1x, https:\/\/i0.wp.com\/jlmirall.es\/wp-content\/uploads\/2024\/02\/Schubert-e1707821481659.jpg?fit=1061%2C585&ssl=1&resize=525%2C300 1.5x, https:\/\/i0.wp.com\/jlmirall.es\/wp-content\/uploads\/2024\/02\/Schubert-e1707821481659.jpg?fit=1061%2C585&ssl=1&resize=700%2C400 2x, https:\/\/i0.wp.com\/jlmirall.es\/wp-content\/uploads\/2024\/02\/Schubert-e1707821481659.jpg?fit=1061%2C585&ssl=1&resize=1050%2C600 3x"},"classes":[]},{"id":1751,"url":"https:\/\/jlmirall.es\/?portfolio=concierto-monografico-rzewski","url_meta":{"origin":1563,"position":2},"title":"*Concierto Monogr\u00e1fico Rzewski","author":"Oysiao","date":"13 febrero, 2024","format":false,"excerpt":"\u201cFrederic Rzewski, the greatest pianist-composer of our time\u00a0and something of a legend in modern music\u201cMark Swed,\u00a0The Los Angeles Times Pianista, compositor e improvisador \u00fanico en el mundo, Frederic Rzewski es una leyenda viva de la m\u00fasica de nuestro tiempo. Sus obras y su poli\u00e9drica actividad creativa representan un cap\u00edtulo \u00fanico\u2026","rel":"","context":"Entrada similar","block_context":{"text":"Entrada similar","link":""},"img":{"alt_text":"","src":"","width":0,"height":0},"classes":[]},{"id":1574,"url":"https:\/\/jlmirall.es\/?portfolio=guidoblogs-2","url_meta":{"origin":1563,"position":3},"title":"GuidoBlogs 2","author":"Oysiao","date":"13 febrero, 2024","format":false,"excerpt":"Conferencia sobre la dinaminzaci\u00f3n de la blogosfera de Conservatorios y Escuelas de M\u00fasica en el CEIMUS III","rel":"","context":"Entrada similar","block_context":{"text":"Entrada similar","link":""},"img":{"alt_text":"","src":"https:\/\/i0.wp.com\/jlmirall.es\/wp-content\/uploads\/2024\/02\/Guido-Ceimus.jpg?fit=1200%2C750&ssl=1&resize=350%2C200","width":350,"height":200,"srcset":"https:\/\/i0.wp.com\/jlmirall.es\/wp-content\/uploads\/2024\/02\/Guido-Ceimus.jpg?fit=1200%2C750&ssl=1&resize=350%2C200 1x, https:\/\/i0.wp.com\/jlmirall.es\/wp-content\/uploads\/2024\/02\/Guido-Ceimus.jpg?fit=1200%2C750&ssl=1&resize=525%2C300 1.5x, https:\/\/i0.wp.com\/jlmirall.es\/wp-content\/uploads\/2024\/02\/Guido-Ceimus.jpg?fit=1200%2C750&ssl=1&resize=700%2C400 2x, https:\/\/i0.wp.com\/jlmirall.es\/wp-content\/uploads\/2024\/02\/Guido-Ceimus.jpg?fit=1200%2C750&ssl=1&resize=1050%2C600 3x"},"classes":[]},{"id":1535,"url":"https:\/\/jlmirall.es\/?portfolio=conferencia-sobre-musica-e-imagen","url_meta":{"origin":1563,"position":4},"title":"Conferencia sobre M\u00fasica e Imagen","author":"Oysiao","date":"13 febrero, 2024","format":false,"excerpt":"Diferentes formas en las que dialogan m\u00fasica cl\u00e1sica e imagen en el mundo audiovisual.","rel":"","context":"Entrada similar","block_context":{"text":"Entrada similar","link":""},"img":{"alt_text":"","src":"https:\/\/i0.wp.com\/jlmirall.es\/wp-content\/uploads\/2024\/02\/Captura-de-pantalla-2024-02-13-a-les-12.00.27.jpg?fit=1200%2C867&ssl=1&resize=350%2C200","width":350,"height":200,"srcset":"https:\/\/i0.wp.com\/jlmirall.es\/wp-content\/uploads\/2024\/02\/Captura-de-pantalla-2024-02-13-a-les-12.00.27.jpg?fit=1200%2C867&ssl=1&resize=350%2C200 1x, https:\/\/i0.wp.com\/jlmirall.es\/wp-content\/uploads\/2024\/02\/Captura-de-pantalla-2024-02-13-a-les-12.00.27.jpg?fit=1200%2C867&ssl=1&resize=525%2C300 1.5x, https:\/\/i0.wp.com\/jlmirall.es\/wp-content\/uploads\/2024\/02\/Captura-de-pantalla-2024-02-13-a-les-12.00.27.jpg?fit=1200%2C867&ssl=1&resize=700%2C400 2x, https:\/\/i0.wp.com\/jlmirall.es\/wp-content\/uploads\/2024\/02\/Captura-de-pantalla-2024-02-13-a-les-12.00.27.jpg?fit=1200%2C867&ssl=1&resize=1050%2C600 3x"},"classes":[]},{"id":1549,"url":"https:\/\/jlmirall.es\/?portfolio=orientacion-profesional-en-musica","url_meta":{"origin":1563,"position":5},"title":"Orientaci\u00f3n Profesional en M\u00fasica","author":"Oysiao","date":"13 febrero, 2024","format":false,"excerpt":"Conferencia sobre coaching en estudios musicales y algunos casos de \u00e9xito de carreras musicales.","rel":"","context":"Entrada similar","block_context":{"text":"Entrada similar","link":""},"img":{"alt_text":"","src":"https:\/\/i0.wp.com\/jlmirall.es\/wp-content\/uploads\/2024\/02\/Orientacion-profesional.jpg?fit=1200%2C936&ssl=1&resize=350%2C200","width":350,"height":200,"srcset":"https:\/\/i0.wp.com\/jlmirall.es\/wp-content\/uploads\/2024\/02\/Orientacion-profesional.jpg?fit=1200%2C936&ssl=1&resize=350%2C200 1x, https:\/\/i0.wp.com\/jlmirall.es\/wp-content\/uploads\/2024\/02\/Orientacion-profesional.jpg?fit=1200%2C936&ssl=1&resize=525%2C300 1.5x, https:\/\/i0.wp.com\/jlmirall.es\/wp-content\/uploads\/2024\/02\/Orientacion-profesional.jpg?fit=1200%2C936&ssl=1&resize=700%2C400 2x, https:\/\/i0.wp.com\/jlmirall.es\/wp-content\/uploads\/2024\/02\/Orientacion-profesional.jpg?fit=1200%2C936&ssl=1&resize=1050%2C600 3x"},"classes":[]}],"jetpack_sharing_enabled":true,"_links":{"self":[{"href":"https:\/\/jlmirall.es\/index.php?rest_route=\/wp\/v2\/jetpack-portfolio\/1563","targetHints":{"allow":["GET"]}}],"collection":[{"href":"https:\/\/jlmirall.es\/index.php?rest_route=\/wp\/v2\/jetpack-portfolio"}],"about":[{"href":"https:\/\/jlmirall.es\/index.php?rest_route=\/wp\/v2\/types\/jetpack-portfolio"}],"author":[{"embeddable":true,"href":"https:\/\/jlmirall.es\/index.php?rest_route=\/wp\/v2\/users\/1"}],"replies":[{"embeddable":true,"href":"https:\/\/jlmirall.es\/index.php?rest_route=%2Fwp%2Fv2%2Fcomments&post=1563"}],"version-history":[{"count":1,"href":"https:\/\/jlmirall.es\/index.php?rest_route=\/wp\/v2\/jetpack-portfolio\/1563\/revisions"}],"predecessor-version":[{"id":1565,"href":"https:\/\/jlmirall.es\/index.php?rest_route=\/wp\/v2\/jetpack-portfolio\/1563\/revisions\/1565"}],"wp:featuredmedia":[{"embeddable":true,"href":"https:\/\/jlmirall.es\/index.php?rest_route=\/wp\/v2\/media\/1564"}],"wp:attachment":[{"href":"https:\/\/jlmirall.es\/index.php?rest_route=%2Fwp%2Fv2%2Fmedia&parent=1563"}],"wp:term":[{"taxonomy":"jetpack-portfolio-type","embeddable":true,"href":"https:\/\/jlmirall.es\/index.php?rest_route=%2Fwp%2Fv2%2Fjetpack-portfolio-type&post=1563"},{"taxonomy":"jetpack-portfolio-tag","embeddable":true,"href":"https:\/\/jlmirall.es\/index.php?rest_route=%2Fwp%2Fv2%2Fjetpack-portfolio-tag&post=1563"}],"curies":[{"name":"wp","href":"https:\/\/api.w.org\/{rel}","templated":true}]}}

Pioneras de la música electrónica

<p>Conferencia cine-forum sobre las pioneras de la música electrónica.</p>

Conferencia sobre la vida de Pogorelich y su música en un concierto en el Auditori de Castelló. Posteriormente pude pasarle las hojas durante el concierto.

El último año de vida de Schubert

Concierto-Conferencia sobre la vida y música de Schubert en su último año de vida para la Semana Cultural del Conservatorio.

*Concierto Monográfico Rzewski

“Frederic Rzewski, the greatest pianist-composer of our time and something of a legend in modern music“Mark Swed, The Los Angeles Times Pianista, compositor e improvisador único en el mundo, Frederic Rzewski es una leyenda viva de la música de nuestro tiempo. Sus obras y su poliédrica actividad creativa representan un capítulo único…

Conferencia sobre la dinaminzación de la blogosfera de Conservatorios y Escuelas de Música en el CEIMUS III

Conferencia sobre Música e Imagen

Diferentes formas en las que dialogan música clásica e imagen en el mundo audiovisual.

Orientación Profesional en Música

Conferencia sobre coaching en estudios musicales y algunos casos de éxito de carreras musicales.
